 (-16 - -15 - -31).
-22
Calculate -16 + (28 - 12) + 22.
22
Evaluate 10 - -2 - 8 - (-2 - 11).
17
What is -6 - (-22 - (14 - 21))?
9
What is -45 + (13 - (-13 + 4 + 7))?
-30
What is -1 + 0 - (-1 + 22 - (85 + -39))?
24
Calculate -9 + 7 + (0 + -2 + 3 - 7).
-8
Evaluate -10 - (-7 - (-7 - -10 - -12)).
12
What is 25 + (9 - ((-6 - -18) + 1)) - 2?
19
Calculate -7 + -3 + 10 - 4.
-4
Evaluate 71 + -88 + -1 + 2.
-16
Calculate -4 + (-4 - -17) + -4 - -8.
13
Evaluate 52 + -22 + -33 + 10.
7
What is -5 + (7 - (11 - 8)) + -3?
-4
What is the value of -9 + 32 + 3 + 7 + -10 + 2?
25
Calculate 26 + (-7 - (42 + -17)).
-6
-53 - -10 - (46 + -79)
-10
Calculate 1 + -23 + 18 + -15 + 2.
-17
Evaluate -17 + 33 + (1 - 4 - -7 - 8).
12
Evaluate (5 - 10) + 6 + 4 - 1.
4
What is the value of -1 + (-3 - 2) - (-107 - -98)?
3
What is 68 + -90 + -7 + 33?
4
6 + (-7 - 1 - (37 + -57))
18
(9 - 12 - (12 + -1)) + 4 + 1
-9
Calculate (25 - 12 - -2) + 9.
24
What is 18 - (21 - (7 + 0))?
4
Evaluate -348 + 326 - (-3 + -48).
29
3 - 8 - (7 + -9) - (16 - 17)
-2
-19 + (-5 - (8 + -17))
-15
What is the value of 34 + (17 + (-5 - (0 + 2)) - 14)?
30
Evaluate 11 + -4 + -1 + 1 - (0 + -7).
14
What is (-4 - 0) + 3 + -1 - -4?
2
What is the value of 3 - (-20 + 15 + 7)?
1
What is (20 - 41 - (2 + -10)) + 13?
0
4 + (9 - (25 - 6)) + -30 + 19
-17
What is the value of -26 - (6 + (-11 - 3) - (5 - 6))?
-19
What is the value of (13 - 22) + (-2 - -5) - -21?
15
What is 5883 + -5879 - (-7 - (-1 + 2 + -2))?
10
What is 2 + (10 + 12 + -32 - 2)?
-10
Evaluate (-27 - 3) + (-72 - -108).
6
1 - (0 + -1 + 28) - (-240 - -229)
-15
Evaluate -16 + 9 + (17 - 23).
-13
Calculate 28 + -25 + -27 - -24.
0
What is the value of -35 + (-21 - -69) + -35?
-22
What is -4 - (-8 + (6 + -1 - 3))?
2
Calculate -14 - 1 - (96 + -125).
14
(44 - 23) + -7 + (-8 - 0)
6
Evaluate -21 - 22 - -41 - (0 + -3 + 0).
1
What is -342 + 341 - (-1 - (1 + 1))?
2
What is the value of (-6 - 2) + 11 + -4 + -4?
-5
Calculate -46 - -65 - (52 - 15).
-18
What is the value of -16 + -11 + 4 - -16?
-7
Calculate (-1 - 8) + -1 - -1.
-9
-3 + ((-15 - -2) + 25 - 2)
7
What is 34 + (3 - 21) + -21?
-5
-9 + (-9 - -21) + (2 - 6)
-1
What is (11 - (14 - 12)) + (-2 - (1 - -3))?
3
What is (10 - 12 - 8) + 12 + 9 + -4?
7
Calculate -25 + 17 + 10 - (9 + -1 + 1).
-7
45 + (-5 - -2) - 25
17
22 + -1 + (-462 - -422)
-19
What is 79 + -70 + 5 + -1 + 2?
15
Evaluate 1 - (1 + -10 + 2 + -184 + 190).
2
What is the value of (-5 - (8 + -3 - (18 + -13))) + 12?
7
What is -2 + (-9 + 11 + 2 - 9) + -2?
-9
40 - (36 + 13 + -39)
30
What is the value of 648 + -642 + (-1 - -1) + -3?
3
Calculate 17 + -8 - (11 + (-1 - 6)).
5
What is the value of -15 + (-10 - -34) - -8?
17
Evaluate 3 + -2 - (-48 - -55).
-6
-65 - -4 - (-427 + 396)
-30
-10 + (2 - -1 - -12) + -25
-20
-2 - (-25 - -7) - (10 - 4)
10
What is the value of 7 - (-6 - (-5 - (3 + 0)))?
5
(-4 - -14 - 10) + -2
-2
Calculate -2 + -7 + (3 - 2) + -4 - -6.
-6
Calculate 0 + -3 + -67 + 75.
5
Calculate 3 + 9 + 8 + -8.
12
What is 3 + -2 + 7 - (-47 - -81)?
-26
65 + -30 + -4 + -20
11
4 + (9 - 3) - -1 - -2
13
Calculate 3 + (60 + -31 - 11).
21
What is -6 + -1 - (-58 + 50)?
1
What is the value of (-44 - -29 - (-2 + (3 - 1))) + 4?
-11
Calculate (0 - (7 + 6 + 10)) + 7.
-16
What is the value of ((-14 - -9) + -11 - 3) + 7?
-12
Calculate 7 + 16 + -4 + 0 + -4.
15
Calculate -34 - (-1 - (0 - 0)) - (-276 + 267).
-24
What is the value of 19 - 13 - (4 - -1) - 4?
-3
-1 + -14 - (0 - 1) - (11 - 15)
-10
Evaluate 18 - (-14 - -35 - 4).
1
Evaluate 20 - 24 - (39 - 27).
-16
0 - -8 - (-9 - (-28 - -14))
3
What is the value of 2 + 29 + 11 + -26?
16
What is 6 + (-14 - (-14 + 7))?
-1
Evaluate ((-2 - -3) + 1 - 23) + -33 + 41.
-13
(0 - -1 - 14) + -3 + 11
-5
What is the value of -18 + (0 + (-10 - -6) - -1)?
-21
7 + 33 + (-199 - -153)
-6
What is the value of 6 - (2 - (3 + -1)) - (-187 + 187)?
6
39 - (10 + 6 - -26)
-3
What is 15 + -1 + -17 + 7 + (-24 - -1)?
-19
5 - (-7 + 10 + 9 + -17)
10
What is the value of 2 + 4 + -4 + (19 - 14)?
7
Calculate -10 - (5 - (-6 - -25)).
4
Evaluate -1 + 0 + 4 - (6 + 2) - -5.
0
-10 + -16 - (3 + -3 - 11)
-15
Calculate -3 + (0 - -2 - -2 - (-21 + 25)).
-3
Evaluate (-14 - (-23 - -11)) + (-2 - -37) - 6.
27
Evaluate -13 + (-3 - (1 - (22 + -11))).
-6
Evaluate 115 + -107 + (0 + -3 + -30 - -3).
-22
What is the value of 9 + (13 + -19 - -18) + -27?
-6
Evaluate 1 - -1 - 8 - -24.
18
What is -30 + 35 + 34 + -26?
13
22 + (-2 - 6) - (3 + -1 + -1)
13
What is the value of -8 + 0 + -1 + (63 - (-37 - -95))?
-4
What is -7 + (-4 + -3 - -8) + 2?
-4
What is (8 + 2 - -2) + -7?
5
3 + -28 + (-1 - -6) + (-50 - -55)
-15
What is the value of 77 + -60 - ((4 - 7) + 16)?
4
Evaluate 1 + 46 + (-6 - 2) - 9 - 1.
29
What is (26 - ((17 - -14) + -2)) + 1 + -10?
-12
(-11 - -2 - 1) + 0 - (-174 + 144)
20
-2 + -9 + 5 + -1 - (1 - -1)
-9
What is 9 + 44 + -59 + 0 + 10?
4
Evaluate (-140 - -65) + 85 - (-1 - -9).
2
What is the value of (-11 - (-1 - -10)) + -10 - -1?
-29
Evaluate 10 + -16 + -26 - -17.
-15
What is 4 + 7 + -13 - (0 + 1 - 0)?
-3
What is -11 + -1 + (7 - 0 - (519 + -503))?
-21
Evaluate (4 - (5 + -9) - 3) + -3 + 9.
11
Evaluate -19 + (-4 - (-10 + -1 + 6 + 1)).
-19
Calculate (-30 - -15) + 10 + (1 - 3).
-7
(3 - -12) + -39 - 2
-26
What is 17 - (22 - 13 - -3) - 21?
-16
(267 - 262) + (-2 - -1) + -1 + 6
9
What is -19 + 4 + 2 + 8 + 4 + -11?
-12
Calculate -13 + 0 + -6 + 17.
-2
Evaluate -2 + (1 - 7) + 34.
26
What is the value of 10 - ((4 - (-44 - -13)) + -12)?
-13
Calculate -13 - (16 + -20 + 11).
-20
Calculate -17 - (14 + (-20 - -4)).
-15
Calculate -114 + 116 - (4 + 0).
-2
Evaluate (29 - (-4 - -19)) + -40.
-26
What is the value of -23 - -24 - (3 - 1) - (7 - -5)?
-13
What is the value of 3 + 23 - (185 + -160)?
1
Evaluate 2 + -3 + 32 + -18.
13
What is -13 - (-15 + (6 - -1)) - (1 + 4)?
-10
What is the value of -150 + 138 + (32 - 2)?
18
Calculate 18 - (-42 - (-50 - 5)).
5
What is the value of 11 + (-21 - -10) - 7?
-7
What is the value of (-86 - -125) + (-47 - -17)?
9
What is 15 + 1 - (-301 - -291) - -5?
31
12 + (8 + -2 - 6 - -2) - 3
11
(68 - 72 - (-2 + 1)) + -2 + 5
0
Calculate 2 + (-17 - -12) + 20.
17
Calculate 8 + 3 + -13 + 2.
0
What is 18 + (4 + -7 - (4 + -3 + -1))?
15
Calculate 37 + (-8 - 1) + -46.
-18
What is the value of (13 - 10) + 8 + -1 - 6 - -18?
22
Calculate -129 + 146 + (7 - 2).
22
1 - (1 + -5) - (-2 + 9)
-2
Calculate 0 - 13 - (-14 + (-4 - (-20 - -11))).
-4
Evaluate -34 + 12 + 11 - (2 + (-9 - -1)).
-5
Evaluate 11 - (27 - ((1 - -5) + (5 - 4))).
-9
What is -25 - (-20 + 32 - 14)?
-23
What is -4 + -17 + (-9 + 7 - -8)?
-15
What is 9 + -12 - -13 - -10?
20
What is the value of -7 + (-6 - (-3 - -1 - (-7 - -4)))?
-14
(10 - 8) + 4 + -2 + -4
0
(5 + -5 - (-1 - -2)) + (-26 - -39)
12
What is 12 + -3 + (-5 - 2 - -4)?
6
-15 + 16 + 3 + (-14 - -1)
-9
What is 11 - (-39 + -7 + 53)?
4
What is ((-3 - -2) + 2 - 5) + 0 + 0?
-4
What is the value of -17 + 13 + (-2 - 2) - (3 + 1)?
-12
What is 23 - 31 - 0 - 7?
-15
What is the value of (16 - (-8 + 17)) + -8?
-1
Evaluate (17 - 18) + -4 - 0 - -9.
4
Calculate -2 - (2 - (-6 + 10) - 11).
11
0 + -9 + (-84 - -59)
-34
Evaluate -38 + 8 + (-13 - -32).
-11
What is -472 - -456 - (0 + -2 + 0)?
-14
What is the value of -44 + 39 + (0 - -6) + -24 + 17?
-6
Evaluate 0 + -1 + (-14 - 3 - (-89 - -87)).
-16
Calculate 6 - -5 - -1 - (12 + -11 - 2).
13
Evaluate 7 - (-6 + 8 - -12).
-7
12 + (7 - 14) + (-9 - -16)
12
What is (4 - 10) + (6 - (5 - 10))?
5
What is the value of 2 + 1 + (-6 - 2 - -20) + -7?
8
-31 - (2 - (37 + -32))
-28
What is the value of -15 - -9 - (85 + -62)?
-29
What is the value of (4 - 29) + (-119 - -157)?
13
1 + 0 - (-43 + 71) - -2
-25
Evaluate 8 + (5 + -1 - (-15 + (6 - -21))).
0
Evaluate 49 + 22 + -39 + -33.
-1
Evaluate -3 - 14 - (-8 + 11 + -8).
-12
Evaluate -4 + -2 + (-5 + 3 - -3).
-5
What is -5 + (1 + 3 - 6)?
-7
What is -14 + -3 + 5 - (4 - -3)?
-19
What is the value of 0 + -1 + (49 - (-11 - -55))?
4
What is the value of 11 + (1 - 20) + -13?
-21
What is 1 - -1 - 16 - (-1 - (3 - -1))?
-9
Evaluate -35 - -55 - (5 - -7).
8
What is the value of -10 + 3 - (59 + -59 - (-9 - -1))?
-15
What is 36 + -21 + -17 + -22?
-24
Evaluate 2 + -39 + 14 - -12.
-11
What is 12 - (9 - (16 + (11 - -5)))?
35
Calculate (-755 - -742) + 0 + 2.
-11
Evaluate -5 + 7 + 6 + (-1 - (6 - 2)).
3
What is the value of -1 + (22 + -6 - (9 - 2) - 3)?
5
What is